{"id":12324,"date":"2023-03-30T00:20:12","date_gmt":"2023-03-30T00:20:12","guid":{"rendered":"https:\/\/ywamarts.org\/uofn_course\/fundamentos-de-belas-artes-ii-ats-cmc-353\/"},"modified":"2026-01-18T20:59:41","modified_gmt":"2026-01-18T20:59:41","slug":"fundamentos-de-belas-artes-ii-ats-cmc-353","status":"publish","type":"uofn_course","link":"https:\/\/ywamarts.org\/pt-br\/uofn_course\/fundamentos-de-belas-artes-ii-ats-cmc-353\/","title":{"rendered":"Fundamentos de Belas Artes II (ATS\/CMC 353)"},"content":{"rendered":"\t\t<div data-elementor-type=\"wp-post\" data-elementor-id=\"12324\" class=\"elementor elementor-12324\" data-elementor-post-type=\"uofn_course\">\n\t\t\t\t<div data-particle_enable=\"false\" data-particle-mobile-disabled=\"false\" class=\"elementor-element elementor-element-668b9021 e-flex e-con-boxed e-con e-parent\" data-id=\"668b9021\" data-element_type=\"container\" data-e-type=\"container\">\n\t\t\t\t\t<div class=\"e-con-inner\">\n\t\t<div data-particle_enable=\"false\" data-particle-mobile-disabled=\"false\" class=\"elementor-element elementor-element-339f0031 e-con-full e-flex e-con e-child\" data-id=\"339f0031\" data-element_type=\"container\" data-e-type=\"container\" data-settings=\"{&quot;background_background&quot;:&quot;classic&quot;}\">\n\t\t\t\t<\/div>\n\t\t<div data-particle_enable=\"false\" data-particle-mobile-disabled=\"false\" class=\"elementor-element elementor-element-16c461ab e-con-full e-flex e-con e-child\" data-id=\"16c461ab\" data-element_type=\"container\" data-e-type=\"container\">\n\t\t\t\t<div class=\"elementor-element elementor-element-432c13a2 elementor-widget elementor-widget-heading\" data-id=\"432c13a2\" data-element_type=\"widget\" data-e-type=\"widget\" data-widget_type=\"heading.default\">\n\t\t\t\t\t<h2 class=\"elementor-heading-title elementor-size-default\"><a href=\"https:\/\/uofn.edu\/course\/a0c1i00000AjHOLAA3\">Fundamentos de Belas Artes II (ATS\/CMC 353)<\/a><\/h2>\t\t\t\t<\/div>\n\t\t\t\t<div class=\"elementor-element elementor-element-181c06f elementor-widget elementor-widget-heading\" data-id=\"181c06f\" data-element_type=\"widget\" data-e-type=\"widget\" data-widget_type=\"heading.default\">\n\t\t\t\t\t<h5 class=\"elementor-heading-title elementor-size-default\">Pr\u00e9-requisitos: DSP 211 e 212, ATS\/CMC 251 <br>Cr\u00e9ditos do curso: 11-12<\/h5>\t\t\t\t<\/div>\n\t\t\t\t<div class=\"elementor-element elementor-element-1f098a05 elementor-widget elementor-widget-text-editor\" data-id=\"1f098a05\" data-element_type=\"widget\" data-e-type=\"widget\" data-widget_type=\"text-editor.default\">\n\t\t\t\t\t\t\t\t\tAs habilidades em design, desenho, pintura e escultura s\u00e3o mais desenvolvidas para os formandos da Escola de Fundamentos de Belas Artes I. Os alunos exploram os fundamentos b\u00edblicos da arte, juntamente com uma vis\u00e3o geral hist\u00f3rica do papel da arte em influenciar a sociedade. A escola culmina com uma exposi\u00e7\u00e3o dos trabalhos art\u00edsticos dos alunos.  \t\t\t\t\t\t\t\t<\/div>\n\t\t\t\t<div class=\"elementor-element elementor-element-11edf524 elementor-widget elementor-widget-button\" data-id=\"11edf524\" data-element_type=\"widget\" data-e-type=\"widget\" data-widget_type=\"button.default\">\n\t\t\t\t\t\t\t\t\t\t<a class=\"elementor-button elementor-button-link elementor-size-sm\" href=\"https:\/\/uofn.edu\/course\/a0c1i00000AjHOLAA3\" target=\"_blank\">\n\t\t\t\t\t\t<span class=\"elementor-button-content-wrapper\">\n\t\t\t\t\t\t\t\t\t<span class=\"elementor-button-text\">Mais informa\u00e7\u00f5es<\/span>\n\t\t\t\t\t<\/span>\n\t\t\t\t\t<\/a>\n\t\t\t\t\t\t\t\t<\/div>\n\t\t\t\t<\/div>\n\t\t\t\t\t<\/div>\n\t\t\t\t<\/div>\n\t\t<div data-particle_enable=\"false\" data-particle-mobile-disabled=\"false\" class=\"elementor-element elementor-element-807bb3c e-flex e-con-boxed e-con e-parent\" data-id=\"807bb3c\" data-element_type=\"container\" data-e-type=\"container\">\n\t\t\t\t\t<div class=\"e-con-inner\">\n\t\t\t\t<div class=\"elementor-element elementor-element-7b6e901 elementor-widget elementor-widget-global elementor-global-10527 elementor-global-4706 elementor-widget-heading\" data-id=\"7b6e901\" data-element_type=\"widget\" data-e-type=\"widget\" data-widget_type=\"heading.default\">\n\t\t\t\t\t<h2 class=\"elementor-heading-title elementor-size-default\">Cursos relacionados<\/h2>\t\t\t\t<\/div>\n\t\t\t\t<div class=\"elementor-element elementor-element-3bcf2cb elementor-pagination-type-bullets elementor-arrows-position-inside elementor-pagination-position-outside elementor-widget elementor-widget-global elementor-global-10378 elementor-global-3456 elementor-widget-loop-carousel\" data-id=\"3bcf2cb\" data-element_type=\"widget\" data-e-type=\"widget\" data-settings=\"{&quot;template_id&quot;:10356,&quot;_skin&quot;:&quot;post&quot;,&quot;slides_to_show&quot;:&quot;3&quot;,&quot;slides_to_show_tablet&quot;:&quot;2&quot;,&quot;slides_to_show_mobile&quot;:&quot;1&quot;,&quot;edit_handle_selector&quot;:&quot;.elementor-loop-container&quot;,&quot;autoplay&quot;:&quot;yes&quot;,&quot;autoplay_speed&quot;:5000,&quot;pause_on_hover&quot;:&quot;yes&quot;,&quot;pause_on_interaction&quot;:&quot;yes&quot;,&quot;infinite&quot;:&quot;yes&quot;,&quot;speed&quot;:500,&quot;offset_sides&quot;:&quot;none&quot;,&quot;arrows&quot;:&quot;yes&quot;,&quot;pagination&quot;:&quot;bullets&quot;,&quot;image_spacing_custom&quot;:{&quot;unit&quot;:&quot;px&quot;,&quot;size&quot;:10,&quot;sizes&quot;:[]},&quot;image_spacing_custom_tablet&quot;:{&quot;unit&quot;:&quot;px&quot;,&quot;size&quot;:&quot;&quot;,&quot;sizes&quot;:[]},&quot;image_spacing_custom_mobile&quot;:{&quot;unit&quot;:&quot;px&quot;,&quot;size&quot;:&quot;&quot;,&quot;sizes&quot;:[]}}\" data-widget_type=\"loop-carousel.post\">\n\t\t\t\t\t\t\t<div class=\"e-loop-nothing-found-message\">\n\t\t<\/div>\n\t\t\t\t\t\t<\/div>\n\t\t\t\t\t<\/div>\n\t\t\t\t<\/div>\n\t\t\t\t<\/div>\n\t\t","protected":false},"excerpt":{"rendered":"<p>As habilidades em design, desenho, pintura e escultura s\u00e3o mais desenvolvidas para os formandos da Escola de Fundamentos de Belas Artes I. Os alunos exploram os fundamentos b\u00edblicos da arte, juntamente com uma vis\u00e3o geral hist\u00f3rica do papel da arte em influenciar a sociedade. A escola culmina com uma exposi\u00e7\u00e3o dos trabalhos art\u00edsticos dos alunos.  <\/p>\n","protected":false},"featured_media":12325,"template":"elementor_header_footer","format":"standard","coa_passions":[825],"coa_location":[918,1079,1081],"language":[1083,749],"course_level":[1140],"class_list":["post-12324","uofn_course","type-uofn_course","status-publish","format-standard","has-post-thumbnail","hentry","coa_passions-artes-visuais","coa_location-asia-e-pacifico","coa_location-coreia-do-sul","coa_location-jeju","language-coreano","language-ingles","course_level-nivel-300"],"jetpack_sharing_enabled":true,"_links":{"self":[{"href":"https:\/\/ywamarts.org\/pt-br\/wp-json\/wp\/v2\/uofn_course\/12324","targetHints":{"allow":["GET"]}}],"collection":[{"href":"https:\/\/ywamarts.org\/pt-br\/wp-json\/wp\/v2\/uofn_course"}],"about":[{"href":"https:\/\/ywamarts.org\/pt-br\/wp-json\/wp\/v2\/types\/uofn_course"}],"version-history":[{"count":2,"href":"https:\/\/ywamarts.org\/pt-br\/wp-json\/wp\/v2\/uofn_course\/12324\/revisions"}],"predecessor-version":[{"id":12331,"href":"https:\/\/ywamarts.org\/pt-br\/wp-json\/wp\/v2\/uofn_course\/12324\/revisions\/12331"}],"wp:featuredmedia":[{"embeddable":true,"href":"https:\/\/ywamarts.org\/pt-br\/wp-json\/wp\/v2\/media\/12325"}],"wp:attachment":[{"href":"https:\/\/ywamarts.org\/pt-br\/wp-json\/wp\/v2\/media?parent=12324"}],"wp:term":[{"taxonomy":"coa_passions","embeddable":true,"href":"https:\/\/ywamarts.org\/pt-br\/wp-json\/wp\/v2\/coa_passions?post=12324"},{"taxonomy":"coa_location","embeddable":true,"href":"https:\/\/ywamarts.org\/pt-br\/wp-json\/wp\/v2\/coa_location?post=12324"},{"taxonomy":"language","embeddable":true,"href":"https:\/\/ywamarts.org\/pt-br\/wp-json\/wp\/v2\/language?post=12324"},{"taxonomy":"course_level","embeddable":true,"href":"https:\/\/ywamarts.org\/pt-br\/wp-json\/wp\/v2\/course_level?post=12324"}],"curies":[{"name":"wp","href":"https:\/\/api.w.org\/{rel}","templated":true}]}}

<div data-elementor-type="wp-post" data-elementor-id="12324" class="elementor elementor-12324" data-elementor-post-type="uofn_course">
				<div data-particle_enable="false" data-particle-mobile-disabled="false" class="elementor-element elementor-element-668b9021 e-flex e-con-boxed e-con e-parent" data-id="668b9021" data-element_type="container" data-e-type="container">
					<div class="e-con-inner">
		<div data-particle_enable="false" data-particle-mobile-disabled="false" class="elementor-element elementor-element-339f0031 e-con-full e-flex e-con e-child" data-id="339f0031" data-element_type="container" data-e-type="container" data-settings="{&quot;background_background&quot;:&quot;classic&quot;}">
				</div>
		<div data-particle_enable="false" data-particle-mobile-disabled="false" class="elementor-element elementor-element-16c461ab e-con-full e-flex e-con e-child" data-id="16c461ab" data-element_type="container" data-e-type="container">
				<div class="elementor-element elementor-element-432c13a2 elementor-widget elementor-widget-heading" data-id="432c13a2" data-element_type="widget" data-e-type="widget" data-widget_type="heading.default">
					<h2 class="elementor-heading-title elementor-size-default"><a href="https://uofn.edu/course/a0c1i00000AjHOLAA3">Fundamentos de Belas Artes II (ATS/CMC 353)</a></h2>				</div>
				<div class="elementor-element elementor-element-181c06f elementor-widget elementor-widget-heading" data-id="181c06f" data-element_type="widget" data-e-type="widget" data-widget_type="heading.default">
					<h5 class="elementor-heading-title elementor-size-default">Pré-requisitos: DSP 211 e 212, ATS/CMC 251 <br>Créditos do curso: 11-12</h5>				</div>
				<div class="elementor-element elementor-element-1f098a05 elementor-widget elementor-widget-text-editor" data-id="1f098a05" data-element_type="widget" data-e-type="widget" data-widget_type="text-editor.default">
									As habilidades em design, desenho, pintura e escultura são mais desenvolvidas para os formandos da Escola de Fundamentos de Belas Artes I. Os alunos exploram os fundamentos bíblicos da arte, juntamente com uma visão geral histórica do papel da arte em influenciar a sociedade. A escola culmina com uma exposição dos trabalhos artísticos dos alunos.  								</div>
				<div class="elementor-element elementor-element-11edf524 elementor-widget elementor-widget-button" data-id="11edf524" data-element_type="widget" data-e-type="widget" data-widget_type="button.default">
										<a class="elementor-button elementor-button-link elementor-size-sm" href="https://uofn.edu/course/a0c1i00000AjHOLAA3" target="_blank">
						<span class="elementor-button-content-wrapper">
									<span class="elementor-button-text">Mais informações</span>
					</span>
					</a>
								</div>
				</div>
					</div>
				</div>
		<div data-particle_enable="false" data-particle-mobile-disabled="false" class="elementor-element elementor-element-807bb3c e-flex e-con-boxed e-con e-parent" data-id="807bb3c" data-element_type="container" data-e-type="container">
					<div class="e-con-inner">
				<div class="elementor-element elementor-element-7b6e901 elementor-widget elementor-widget-global elementor-global-10527 elementor-global-4706 elementor-widget-heading" data-id="7b6e901" data-element_type="widget" data-e-type="widget" data-widget_type="heading.default">
					<h2 class="elementor-heading-title elementor-size-default">Cursos relacionados</h2>				</div>
				<div class="elementor-element elementor-element-3bcf2cb elementor-pagination-type-bullets elementor-arrows-position-inside elementor-pagination-position-outside elementor-widget elementor-widget-global elementor-global-10378 elementor-global-3456 elementor-widget-loop-carousel" data-id="3bcf2cb" data-element_type="widget" data-e-type="widget" data-settings="{&quot;template_id&quot;:10356,&quot;_skin&quot;:&quot;post&quot;,&quot;slides_to_show&quot;:&quot;3&quot;,&quot;slides_to_show_tablet&quot;:&quot;2&quot;,&quot;slides_to_show_mobile&quot;:&quot;1&quot;,&quot;edit_handle_selector&quot;:&quot;.elementor-loop-container&quot;,&quot;autoplay&quot;:&quot;yes&quot;,&quot;autoplay_speed&quot;:5000,&quot;pause_on_hover&quot;:&quot;yes&quot;,&quot;pause_on_interaction&quot;:&quot;yes&quot;,&quot;infinite&quot;:&quot;yes&quot;,&quot;speed&quot;:500,&quot;offset_sides&quot;:&quot;none&quot;,&quot;arrows&quot;:&quot;yes&quot;,&quot;pagination&quot;:&quot;bullets&quot;,&quot;image_spacing_custom&quot;:{&quot;unit&quot;:&quot;px&quot;,&quot;size&quot;:10,&quot;sizes&quot;:[]},&quot;image_spacing_custom_tablet&quot;:{&quot;unit&quot;:&quot;px&quot;,&quot;size&quot;:&quot;&quot;,&quot;sizes&quot;:[]},&quot;image_spacing_custom_mobile&quot;:{&quot;unit&quot;:&quot;px&quot;,&quot;size&quot;:&quot;&quot;,&quot;sizes&quot;:[]}}" data-widget_type="loop-carousel.post">
							<div class="e-loop-nothing-found-message">
		</div>
						</div>
					</div>
				</div>
				</div>

<p>As habilidades em design, desenho, pintura e escultura são mais desenvolvidas para os formandos da Escola de Fundamentos de Belas Artes I. Os alunos exploram os fundamentos bíblicos da arte, juntamente com uma visão geral histórica do papel da arte em influenciar a sociedade. A escola culmina com uma exposição dos trabalhos artísticos dos alunos.  </p>
