{"id":12404,"date":"2023-04-04T13:57:58","date_gmt":"2023-04-04T13:57:58","guid":{"rendered":"https:\/\/ywamarts.org\/uofn_course\/seminario-de-desarrollo-ministerial-de-las-artes-escenicas-y-trabajo-de-campo-ats-177-ats-178\/"},"modified":"2026-01-18T21:00:05","modified_gmt":"2026-01-18T21:00:05","slug":"seminario-de-desarrollo-ministerial-de-las-artes-escenicas-y-trabajo-de-campo-ats-177-ats-178","status":"publish","type":"uofn_course","link":"https:\/\/ywamarts.org\/es\/uofn_course\/seminario-de-desarrollo-ministerial-de-las-artes-escenicas-y-trabajo-de-campo-ats-177-ats-178\/","title":{"rendered":"Seminario de Desarrollo Ministerial de las Artes Esc\u00e9nicas y Trabajo de Campo (ATS 177 \/ ATS 178)"},"content":{"rendered":"\t\t<div data-elementor-type=\"wp-post\" data-elementor-id=\"12404\" class=\"elementor elementor-12404\" data-elementor-post-type=\"uofn_course\">\n\t\t\t\t<div data-particle_enable=\"false\" data-particle-mobile-disabled=\"false\" class=\"elementor-element elementor-element-668b9021 e-flex e-con-boxed e-con e-parent\" data-id=\"668b9021\" data-element_type=\"container\" data-e-type=\"container\">\n\t\t\t\t\t<div class=\"e-con-inner\">\n\t\t<div data-particle_enable=\"false\" data-particle-mobile-disabled=\"false\" class=\"elementor-element elementor-element-339f0031 e-con-full e-flex e-con e-child\" data-id=\"339f0031\" data-element_type=\"container\" data-e-type=\"container\" data-settings=\"{&quot;background_background&quot;:&quot;classic&quot;}\">\n\t\t\t\t<\/div>\n\t\t<div data-particle_enable=\"false\" data-particle-mobile-disabled=\"false\" class=\"elementor-element elementor-element-16c461ab e-con-full e-flex e-con e-child\" data-id=\"16c461ab\" data-element_type=\"container\" data-e-type=\"container\">\n\t\t\t\t<div class=\"elementor-element elementor-element-432c13a2 elementor-widget elementor-widget-heading\" data-id=\"432c13a2\" data-element_type=\"widget\" data-e-type=\"widget\" data-widget_type=\"heading.default\">\n\t\t\t\t\t<h2 class=\"elementor-heading-title elementor-size-default\"><a href=\"https:\/\/uofn.edu\/course\/a0c1i00000AjHMjAAN\">Seminario de Desarrollo Ministerial de las Artes Esc\u00e9nicas y Trabajo de Campo (ATS 177 \/ ATS 178)<\/a><\/h2>\t\t\t\t<\/div>\n\t\t\t\t<div class=\"elementor-element elementor-element-181c06f elementor-widget elementor-widget-heading\" data-id=\"181c06f\" data-element_type=\"widget\" data-e-type=\"widget\" data-widget_type=\"heading.default\">\n\t\t\t\t\t<h5 class=\"elementor-heading-title elementor-size-default\">Requisitos previos: Ninguno \n<br>Seminario Cr\u00e9ditos: 1-6\n<br>Asignaci\u00f3n de campo Cr\u00e9ditos: 1-6<\/h5>\t\t\t\t<\/div>\n\t\t\t\t<div class=\"elementor-element elementor-element-1f098a05 elementor-widget elementor-widget-text-editor\" data-id=\"1f098a05\" data-element_type=\"widget\" data-e-type=\"widget\" data-widget_type=\"text-editor.default\">\n\t\t\t\t\t\t\t\t\t<p>Este seminario tiene una fase lectiva de seis semanas y una fase pr\u00e1ctica y de divulgaci\u00f3n de seis semanas que se basa en la actuaci\u00f3n. El curso est\u00e1 dise\u00f1ado para desarrollar habilidades creativas y de liderazgo. <\/p>\t\t\t\t\t\t\t\t<\/div>\n\t\t\t\t<div class=\"elementor-element elementor-element-11edf524 elementor-widget elementor-widget-button\" data-id=\"11edf524\" data-element_type=\"widget\" data-e-type=\"widget\" data-widget_type=\"button.default\">\n\t\t\t\t\t\t\t\t\t\t<a class=\"elementor-button elementor-button-link elementor-size-sm\" href=\"https:\/\/uofn.edu\/course\/a0c1i00000AjHMjAAN\" target=\"_blank\">\n\t\t\t\t\t\t<span class=\"elementor-button-content-wrapper\">\n\t\t\t\t\t\t\t\t\t<span class=\"elementor-button-text\">Seguir leyendo<\/span>\n\t\t\t\t\t<\/span>\n\t\t\t\t\t<\/a>\n\t\t\t\t\t\t\t\t<\/div>\n\t\t\t\t<\/div>\n\t\t\t\t\t<\/div>\n\t\t\t\t<\/div>\n\t\t<div data-particle_enable=\"false\" data-particle-mobile-disabled=\"false\" class=\"elementor-element elementor-element-9c5478a e-flex e-con-boxed e-con e-parent\" data-id=\"9c5478a\" data-element_type=\"container\" data-e-type=\"container\">\n\t\t\t\t\t<div class=\"e-con-inner\">\n\t\t\t\t<div class=\"elementor-element elementor-element-28c516d elementor-widget elementor-widget-global elementor-global-10550 elementor-global-4706 elementor-widget-heading\" data-id=\"28c516d\" data-element_type=\"widget\" data-e-type=\"widget\" data-widget_type=\"heading.default\">\n\t\t\t\t\t<h2 class=\"elementor-heading-title elementor-size-default\">Cursos relacionados<\/h2>\t\t\t\t<\/div>\n\t\t\t\t<div class=\"elementor-element elementor-element-589f27f elementor-pagination-type-bullets elementor-arrows-position-inside elementor-pagination-position-outside elementor-widget elementor-widget-global elementor-global-10372 elementor-global-3456 elementor-widget-loop-carousel\" data-id=\"589f27f\" data-element_type=\"widget\" data-e-type=\"widget\" data-settings=\"{&quot;template_id&quot;:10351,&quot;_skin&quot;:&quot;post&quot;,&quot;slides_to_show&quot;:&quot;3&quot;,&quot;slides_to_show_tablet&quot;:&quot;2&quot;,&quot;slides_to_show_mobile&quot;:&quot;1&quot;,&quot;edit_handle_selector&quot;:&quot;.elementor-loop-container&quot;,&quot;autoplay&quot;:&quot;yes&quot;,&quot;autoplay_speed&quot;:5000,&quot;pause_on_hover&quot;:&quot;yes&quot;,&quot;pause_on_interaction&quot;:&quot;yes&quot;,&quot;infinite&quot;:&quot;yes&quot;,&quot;speed&quot;:500,&quot;offset_sides&quot;:&quot;none&quot;,&quot;arrows&quot;:&quot;yes&quot;,&quot;pagination&quot;:&quot;bullets&quot;,&quot;image_spacing_custom&quot;:{&quot;unit&quot;:&quot;px&quot;,&quot;size&quot;:10,&quot;sizes&quot;:[]},&quot;image_spacing_custom_tablet&quot;:{&quot;unit&quot;:&quot;px&quot;,&quot;size&quot;:&quot;&quot;,&quot;sizes&quot;:[]},&quot;image_spacing_custom_mobile&quot;:{&quot;unit&quot;:&quot;px&quot;,&quot;size&quot;:&quot;&quot;,&quot;sizes&quot;:[]}}\" data-widget_type=\"loop-carousel.post\">\n\t\t\t\t\t\t\t<div class=\"e-loop-nothing-found-message\">\n\t\t<\/div>\n\t\t\t\t\t\t<\/div>\n\t\t\t\t\t<\/div>\n\t\t\t\t<\/div>\n\t\t\t\t<\/div>\n\t\t","protected":false},"excerpt":{"rendered":"<p>Este seminario pretende ense\u00f1ar a los participantes a utilizar las artes esc\u00e9nicas en el culto y la proclamaci\u00f3n del Evangelio. El programa incluye tanto formaci\u00f3n te\u00f3rica como pr\u00e1ctica.   <\/p>\n","protected":false},"featured_media":12405,"template":"elementor_header_footer","format":"standard","coa_passions":[865,809,930,810],"coa_location":[677,686,864],"language":[705],"course_level":[703],"class_list":["post-12404","uofn_course","type-uofn_course","status-publish","format-standard","has-post-thumbnail","hentry","coa_passions-acting","coa_passions-artes-escenicas","coa_passions-danza","coa_passions-teatro","coa_location-america-del-norte","coa_location-estados-unidos-de-america","coa_location-tampa","language-ingles","course_level-nivel-100"],"jetpack_sharing_enabled":true,"_links":{"self":[{"href":"https:\/\/ywamarts.org\/es\/wp-json\/wp\/v2\/uofn_course\/12404","targetHints":{"allow":["GET"]}}],"collection":[{"href":"https:\/\/ywamarts.org\/es\/wp-json\/wp\/v2\/uofn_course"}],"about":[{"href":"https:\/\/ywamarts.org\/es\/wp-json\/wp\/v2\/types\/uofn_course"}],"version-history":[{"count":2,"href":"https:\/\/ywamarts.org\/es\/wp-json\/wp\/v2\/uofn_course\/12404\/revisions"}],"predecessor-version":[{"id":12407,"href":"https:\/\/ywamarts.org\/es\/wp-json\/wp\/v2\/uofn_course\/12404\/revisions\/12407"}],"wp:featuredmedia":[{"embeddable":true,"href":"https:\/\/ywamarts.org\/es\/wp-json\/wp\/v2\/media\/12405"}],"wp:attachment":[{"href":"https:\/\/ywamarts.org\/es\/wp-json\/wp\/v2\/media?parent=12404"}],"wp:term":[{"taxonomy":"coa_passions","embeddable":true,"href":"https:\/\/ywamarts.org\/es\/wp-json\/wp\/v2\/coa_passions?post=12404"},{"taxonomy":"coa_location","embeddable":true,"href":"https:\/\/ywamarts.org\/es\/wp-json\/wp\/v2\/coa_location?post=12404"},{"taxonomy":"language","embeddable":true,"href":"https:\/\/ywamarts.org\/es\/wp-json\/wp\/v2\/language?post=12404"},{"taxonomy":"course_level","embeddable":true,"href":"https:\/\/ywamarts.org\/es\/wp-json\/wp\/v2\/course_level?post=12404"}],"curies":[{"name":"wp","href":"https:\/\/api.w.org\/{rel}","templated":true}]}}

Seminario de Desarrollo Ministerial de las Artes Escénicas y Trabajo de Campo (ATS 177 / ATS 178)

<div data-elementor-type="wp-post" data-elementor-id="12404" class="elementor elementor-12404" data-elementor-post-type="uofn_course">
				<div data-particle_enable="false" data-particle-mobile-disabled="false" class="elementor-element elementor-element-668b9021 e-flex e-con-boxed e-con e-parent" data-id="668b9021" data-element_type="container" data-e-type="container">
					<div class="e-con-inner">
		<div data-particle_enable="false" data-particle-mobile-disabled="false" class="elementor-element elementor-element-339f0031 e-con-full e-flex e-con e-child" data-id="339f0031" data-element_type="container" data-e-type="container" data-settings="{&quot;background_background&quot;:&quot;classic&quot;}">
				</div>
		<div data-particle_enable="false" data-particle-mobile-disabled="false" class="elementor-element elementor-element-16c461ab e-con-full e-flex e-con e-child" data-id="16c461ab" data-element_type="container" data-e-type="container">
				<div class="elementor-element elementor-element-432c13a2 elementor-widget elementor-widget-heading" data-id="432c13a2" data-element_type="widget" data-e-type="widget" data-widget_type="heading.default">
					<h2 class="elementor-heading-title elementor-size-default"><a href="https://uofn.edu/course/a0c1i00000AjHMjAAN">Seminario de Desarrollo Ministerial de las Artes Escénicas y Trabajo de Campo (ATS 177 / ATS 178)</a></h2>				</div>
				<div class="elementor-element elementor-element-181c06f elementor-widget elementor-widget-heading" data-id="181c06f" data-element_type="widget" data-e-type="widget" data-widget_type="heading.default">
					<h5 class="elementor-heading-title elementor-size-default">Requisitos previos: Ninguno 
<br>Seminario Créditos: 1-6
<br>Asignación de campo Créditos: 1-6</h5>				</div>
				<div class="elementor-element elementor-element-1f098a05 elementor-widget elementor-widget-text-editor" data-id="1f098a05" data-element_type="widget" data-e-type="widget" data-widget_type="text-editor.default">
									<p>Este seminario tiene una fase lectiva de seis semanas y una fase práctica y de divulgación de seis semanas que se basa en la actuación. El curso está diseñado para desarrollar habilidades creativas y de liderazgo. </p>								</div>
				<div class="elementor-element elementor-element-11edf524 elementor-widget elementor-widget-button" data-id="11edf524" data-element_type="widget" data-e-type="widget" data-widget_type="button.default">
										<a class="elementor-button elementor-button-link elementor-size-sm" href="https://uofn.edu/course/a0c1i00000AjHMjAAN" target="_blank">
						<span class="elementor-button-content-wrapper">
									<span class="elementor-button-text">Seguir leyendo</span>
					</span>
					</a>
								</div>
				</div>
					</div>
				</div>
		<div data-particle_enable="false" data-particle-mobile-disabled="false" class="elementor-element elementor-element-9c5478a e-flex e-con-boxed e-con e-parent" data-id="9c5478a" data-element_type="container" data-e-type="container">
					<div class="e-con-inner">
				<div class="elementor-element elementor-element-28c516d elementor-widget elementor-widget-global elementor-global-10550 elementor-global-4706 elementor-widget-heading" data-id="28c516d" data-element_type="widget" data-e-type="widget" data-widget_type="heading.default">
					<h2 class="elementor-heading-title elementor-size-default">Cursos relacionados</h2>				</div>
				<div class="elementor-element elementor-element-589f27f elementor-pagination-type-bullets elementor-arrows-position-inside elementor-pagination-position-outside elementor-widget elementor-widget-global elementor-global-10372 elementor-global-3456 elementor-widget-loop-carousel" data-id="589f27f" data-element_type="widget" data-e-type="widget" data-settings="{&quot;template_id&quot;:10351,&quot;_skin&quot;:&quot;post&quot;,&quot;slides_to_show&quot;:&quot;3&quot;,&quot;slides_to_show_tablet&quot;:&quot;2&quot;,&quot;slides_to_show_mobile&quot;:&quot;1&quot;,&quot;edit_handle_selector&quot;:&quot;.elementor-loop-container&quot;,&quot;autoplay&quot;:&quot;yes&quot;,&quot;autoplay_speed&quot;:5000,&quot;pause_on_hover&quot;:&quot;yes&quot;,&quot;pause_on_interaction&quot;:&quot;yes&quot;,&quot;infinite&quot;:&quot;yes&quot;,&quot;speed&quot;:500,&quot;offset_sides&quot;:&quot;none&quot;,&quot;arrows&quot;:&quot;yes&quot;,&quot;pagination&quot;:&quot;bullets&quot;,&quot;image_spacing_custom&quot;:{&quot;unit&quot;:&quot;px&quot;,&quot;size&quot;:10,&quot;sizes&quot;:[]},&quot;image_spacing_custom_tablet&quot;:{&quot;unit&quot;:&quot;px&quot;,&quot;size&quot;:&quot;&quot;,&quot;sizes&quot;:[]},&quot;image_spacing_custom_mobile&quot;:{&quot;unit&quot;:&quot;px&quot;,&quot;size&quot;:&quot;&quot;,&quot;sizes&quot;:[]}}" data-widget_type="loop-carousel.post">
							<div class="e-loop-nothing-found-message">
		</div>
						</div>
					</div>
				</div>
				</div>

<p>Este seminario pretende enseñar a los participantes a utilizar las artes escénicas en el culto y la proclamación del Evangelio. El programa incluye tanto formación teórica como práctica.   </p>
